{"id":277,"date":"2017-04-09T13:53:25","date_gmt":"2017-04-09T11:53:25","guid":{"rendered":"http:\/\/www.oldtimerclub-zillertal.at\/wordpress\/?page_id=277"},"modified":"2019-11-16T09:39:48","modified_gmt":"2019-11-16T08:39:48","slug":"april-2017-peugeot-p117","status":"publish","type":"page","link":"https:\/\/www.oldtimerclub-zillertal.at\/wordpress\/motorrad-des-monats\/april-2017-peugeot-p117\/","title":{"rendered":"Peugeot P117"},"content":{"rendered":"<h1>Peugeot P 117<\/h1>\n<h1><img loading=\"lazy\" decoding=\"async\" class=\"aligncenter wp-image-278 size-large\" src=\"https:\/\/www.oldtimerclub-zillertal.at\/wordpress\/wp-content\/uploads\/2017\/04\/IMG_5844-1024x683.jpg\" alt=\"IMG_5844\" width=\"720\" height=\"480\" srcset=\"https:\/\/www.oldtimerclub-zillertal.at\/wordpress\/wp-content\/uploads\/2017\/04\/IMG_5844-1024x683.jpg 1024w, https:\/\/www.oldtimerclub-zillertal.at\/wordpress\/wp-content\/uploads\/2017\/04\/IMG_5844-300x200.jpg 300w, https:\/\/www.oldtimerclub-zillertal.at\/wordpress\/wp-content\/uploads\/2017\/04\/IMG_5844-768x512.jpg 768w\" sizes=\"auto, (max-width: 720px) 100vw, 720px\" \/><img loading=\"lazy\" decoding=\"async\" class=\"aligncenter wp-image-279 size-large\" src=\"https:\/\/www.oldtimerclub-zillertal.at\/wordpress\/wp-content\/uploads\/2017\/04\/IMG_5845-1024x683.jpg\" alt=\"IMG_5845\" width=\"720\" height=\"480\" srcset=\"https:\/\/www.oldtimerclub-zillertal.at\/wordpress\/wp-content\/uploads\/2017\/04\/IMG_5845-1024x683.jpg 1024w, https:\/\/www.oldtimerclub-zillertal.at\/wordpress\/wp-content\/uploads\/2017\/04\/IMG_5845-300x200.jpg 300w, https:\/\/www.oldtimerclub-zillertal.at\/wordpress\/wp-content\/uploads\/2017\/04\/IMG_5845-768x512.jpg 768w\" sizes=\"auto, (max-width: 720px) 100vw, 720px\" \/> <img loading=\"lazy\" decoding=\"async\" class=\"wp-image-280 size-large aligncenter\" src=\"https:\/\/www.oldtimerclub-zillertal.at\/wordpress\/wp-content\/uploads\/2017\/04\/IMG_5851-1024x683.jpg\" alt=\"IMG_5851\" width=\"720\" height=\"480\" srcset=\"https:\/\/www.oldtimerclub-zillertal.at\/wordpress\/wp-content\/uploads\/2017\/04\/IMG_5851-1024x683.jpg 1024w, https:\/\/www.oldtimerclub-zillertal.at\/wordpress\/wp-content\/uploads\/2017\/04\/IMG_5851-300x200.jpg 300w, https:\/\/www.oldtimerclub-zillertal.at\/wordpress\/wp-content\/uploads\/2017\/04\/IMG_5851-768x512.jpg 768w\" sizes=\"auto, (max-width: 720px) 100vw, 720px\" \/><\/h1>\n<p>&nbsp;<\/p>\n<p>Ab 1933 wurde bei Peugeot eine neue Blockmotorengeneration mit 350 und 500 ccm Modellen in kopf- sowie seitengesteuerten Versionen eingef\u00fchrt. Beim Modell P 117 handelt es sich um eine 350 ccm Ausf\u00fchrung mit seitlich h\u00e4ngenden Ventilen. Peugeot stellte seine Modelle in zahlreichen Ausf\u00fchrungsvarianten her wie der &#8222;Grand Sport&#8220;-Version mit leichterem und poliertem Pleuel, h\u00f6herer Kompression und Vergaser f\u00fcr Benzin-Benzol-Gemisch oder der &#8222;Luxe&#8220;-Version mit unter anderem verchromten Kotfl\u00fcgeln und verchromtem Tank, teilweise sogar verchromtem Zylinder.<\/p>\n<p style=\"text-align: justify;\">Diese Maschine verf\u00fcgt \u00fcber die gr\u00f6\u00dferen 200mm Bremstrommeln einer &#8222;Grand Tour&#8220;-Ausf\u00fchrung mit dem &#8222;Haut Luxe&#8220;-Paket mit hohem Chromanteil.<\/p>\n","protected":false},"excerpt":{"rendered":"<p>Peugeot P 117 &nbsp; Ab 1933 wurde bei Peugeot eine neue Blockmotorengeneration mit 350 und 500 ccm Modellen in kopf- sowie seitengesteuerten Versionen eingef\u00fchrt. Beim Modell P 117 handelt es [&hellip;]<\/p>\n","protected":false},"author":1,"featured_media":0,"parent":133,"menu_order":0,"comment_status":"closed","ping_status":"closed","template":"","meta":{"footnotes":""},"class_list":["post-277","page","type-page","status-publish","hentry"],"_links":{"self":[{"href":"https:\/\/www.oldtimerclub-zillertal.at\/wordpress\/wp-json\/wp\/v2\/pages\/277","targetHints":{"allow":["GET"]}}],"collection":[{"href":"https:\/\/www.oldtimerclub-zillertal.at\/wordpress\/wp-json\/wp\/v2\/pages"}],"about":[{"href":"https:\/\/www.oldtimerclub-zillertal.at\/wordpress\/wp-json\/wp\/v2\/types\/page"}],"author":[{"embeddable":true,"href":"https:\/\/www.oldtimerclub-zillertal.at\/wordpress\/wp-json\/wp\/v2\/users\/1"}],"replies":[{"embeddable":true,"href":"https:\/\/www.oldtimerclub-zillertal.at\/wordpress\/wp-json\/wp\/v2\/comments?post=277"}],"version-history":[{"count":9,"href":"https:\/\/www.oldtimerclub-zillertal.at\/wordpress\/wp-json\/wp\/v2\/pages\/277\/revisions"}],"predecessor-version":[{"id":1624,"href":"https:\/\/www.oldtimerclub-zillertal.at\/wordpress\/wp-json\/wp\/v2\/pages\/277\/revisions\/1624"}],"up":[{"embeddable":true,"href":"https:\/\/www.oldtimerclub-zillertal.at\/wordpress\/wp-json\/wp\/v2\/pages\/133"}],"wp:attachment":[{"href":"https:\/\/www.oldtimerclub-zillertal.at\/wordpress\/wp-json\/wp\/v2\/media?parent=277"}],"curies":[{"name":"wp","href":"https:\/\/api.w.org\/{rel}","templated":true}]}}