{"id":912,"date":"2018-03-26T11:49:35","date_gmt":"2018-03-26T09:49:35","guid":{"rendered":"http:\/\/www.oldtimerclub-zillertal.at\/wordpress\/?page_id=912"},"modified":"2026-04-01T18:47:44","modified_gmt":"2026-04-01T16:47:44","slug":"moto-classic-2023","status":"publish","type":"page","link":"https:\/\/www.oldtimerclub-zillertal.at\/wordpress\/moto-classic-2023\/","title":{"rendered":"MOTO CLASSIC 2026"},"content":{"rendered":"\n<p><strong>Am 25. und 26. April 2026 wird Jenbach, bei der Bushalle der Zillertalbahn, erneut zum Mekka der Oldtimer- und Motorradbegeisterten.<\/strong><\/p>\n\n\n\n<p>Es warten an die 200 Motorr\u00e4der und Gespanne, wie sie unsere V\u00e4ter und Gro\u00dfv\u00e4ter fuhren, darauf von Ihnen bestaunt zu werden.<\/p>\n\n\n\n<p>Ausgew\u00e4hlte Renn- und Stra\u00dfenmotorr\u00e4der werden ihre Motoren erklingen lassen. Und f\u00fcr unsere j\u00fcngsten Besucher haben wir Mitfahrten in historischen Beiwagenmaschinen im Angebot.<\/p>\n\n\n\n<p><em><strong>F\u00fcr das leibliche Wohl wird nat\u00fcrlich reichlich gesorgt sein, Zillertalerkrapfen und Kuchen auch zum Mitnehmen. <\/strong><\/em><\/p>\n\n\n<div class=\"wp-block-image\">\n<figure class=\"aligncenter size-large\"><img loading=\"lazy\" decoding=\"async\" width=\"1024\" height=\"576\" src=\"https:\/\/www.oldtimerclub-zillertal.at\/wordpress\/wp-content\/uploads\/2023\/05\/PXL_20230505_171756276-1024x576.jpg\" alt=\"\" class=\"wp-image-3155\" srcset=\"https:\/\/www.oldtimerclub-zillertal.at\/wordpress\/wp-content\/uploads\/2023\/05\/PXL_20230505_171756276-1024x576.jpg 1024w, https:\/\/www.oldtimerclub-zillertal.at\/wordpress\/wp-content\/uploads\/2023\/05\/PXL_20230505_171756276-300x169.jpg 300w, https:\/\/www.oldtimerclub-zillertal.at\/wordpress\/wp-content\/uploads\/2023\/05\/PXL_20230505_171756276-768x432.jpg 768w, https:\/\/www.oldtimerclub-zillertal.at\/wordpress\/wp-content\/uploads\/2023\/05\/PXL_20230505_171756276-1536x864.jpg 1536w, https:\/\/www.oldtimerclub-zillertal.at\/wordpress\/wp-content\/uploads\/2023\/05\/PXL_20230505_171756276-2048x1152.jpg 2048w\" sizes=\"auto, (max-width: 1024px) 100vw, 1024px\" \/><\/figure>\n<\/div>\n\n\n<p><\/p>\n\n\n\n<p>Sponsoren d\u00fcrfen sich gerne beim Webmaster (<a href=\"mailto:admin@oldtimerclub-zillertal.at\">admin@oldtimerclub-zillertal.at<\/a>)melden, und werden dann hier ver\u00f6ffentlicht.<\/p>\n\n\n\n<h2 class=\"wp-block-heading\"><strong>SPONSOREN 2026<\/strong><\/h2>\n\n\n\n<figure class=\"wp-block-image size-full is-resized\"><img loading=\"lazy\" decoding=\"async\" width=\"208\" height=\"236\" src=\"https:\/\/www.oldtimerclub-zillertal.at\/wordpress\/wp-content\/uploads\/2026\/03\/Fliesenprofi-Martin-Danzl.jpg\" alt=\"\" class=\"wp-image-4248\" style=\"aspect-ratio:0.881375499938152;width:442px;height:auto\"\/><\/figure>\n\n\n\n<figure class=\"wp-block-image size-full is-resized\"><img loading=\"lazy\" decoding=\"async\" width=\"434\" height=\"158\" src=\"https:\/\/www.oldtimerclub-zillertal.at\/wordpress\/wp-content\/uploads\/2026\/03\/Ruprechter.png\" alt=\"\" class=\"wp-image-4249\" style=\"width:611px;height:auto\" srcset=\"https:\/\/www.oldtimerclub-zillertal.at\/wordpress\/wp-content\/uploads\/2026\/03\/Ruprechter.png 434w, https:\/\/www.oldtimerclub-zillertal.at\/wordpress\/wp-content\/uploads\/2026\/03\/Ruprechter-300x109.png 300w\" sizes=\"auto, (max-width: 434px) 100vw, 434px\" \/><\/figure>\n\n\n\n<figure class=\"wp-block-image size-full is-resized\"><img loading=\"lazy\" decoding=\"async\" width=\"421\" height=\"140\" src=\"https:\/\/www.oldtimerclub-zillertal.at\/wordpress\/wp-content\/uploads\/2026\/03\/Spenglerei-Zillertal.png\" alt=\"\" class=\"wp-image-4250\" style=\"width:721px;height:auto\" srcset=\"https:\/\/www.oldtimerclub-zillertal.at\/wordpress\/wp-content\/uploads\/2026\/03\/Spenglerei-Zillertal.png 421w, https:\/\/www.oldtimerclub-zillertal.at\/wordpress\/wp-content\/uploads\/2026\/03\/Spenglerei-Zillertal-300x100.png 300w\" sizes=\"auto, (max-width: 421px) 100vw, 421px\" \/><\/figure>\n\n\n\n<figure class=\"wp-block-image size-large is-resized\"><img loading=\"lazy\" decoding=\"async\" width=\"1024\" height=\"724\" src=\"https:\/\/www.oldtimerclub-zillertal.at\/wordpress\/wp-content\/uploads\/2026\/03\/Logo-KWB-13-waagrecht-1024x724.jpg\" alt=\"\" class=\"wp-image-4251\" style=\"aspect-ratio:1.4145507170109197;width:677px;height:auto\" srcset=\"https:\/\/www.oldtimerclub-zillertal.at\/wordpress\/wp-content\/uploads\/2026\/03\/Logo-KWB-13-waagrecht-1024x724.jpg 1024w, https:\/\/www.oldtimerclub-zillertal.at\/wordpress\/wp-content\/uploads\/2026\/03\/Logo-KWB-13-waagrecht-300x212.jpg 300w, https:\/\/www.oldtimerclub-zillertal.at\/wordpress\/wp-content\/uploads\/2026\/03\/Logo-KWB-13-waagrecht-768x543.jpg 768w, https:\/\/www.oldtimerclub-zillertal.at\/wordpress\/wp-content\/uploads\/2026\/03\/Logo-KWB-13-waagrecht-1536x1086.jpg 1536w, https:\/\/www.oldtimerclub-zillertal.at\/wordpress\/wp-content\/uploads\/2026\/03\/Logo-KWB-13-waagrecht-2048x1448.jpg 2048w\" sizes=\"auto, (max-width: 1024px) 100vw, 1024px\" \/><\/figure>\n\n\n\n<figure class=\"wp-block-image size-full is-resized\"><img loading=\"lazy\" decoding=\"async\" width=\"445\" height=\"82\" src=\"https:\/\/www.oldtimerclub-zillertal.at\/wordpress\/wp-content\/uploads\/2026\/03\/Lugauer.png\" alt=\"\" class=\"wp-image-4257\" style=\"width:654px;height:auto\" srcset=\"https:\/\/www.oldtimerclub-zillertal.at\/wordpress\/wp-content\/uploads\/2026\/03\/Lugauer.png 445w, https:\/\/www.oldtimerclub-zillertal.at\/wordpress\/wp-content\/uploads\/2026\/03\/Lugauer-300x55.png 300w\" sizes=\"auto, (max-width: 445px) 100vw, 445px\" \/><\/figure>\n\n\n\n<figure class=\"wp-block-image size-full is-resized\"><img loading=\"lazy\" decoding=\"async\" width=\"338\" height=\"332\" src=\"https:\/\/www.oldtimerclub-zillertal.at\/wordpress\/wp-content\/uploads\/2026\/03\/Zellerstuben.png\" alt=\"\" class=\"wp-image-4258\" style=\"width:589px;height:auto\" srcset=\"https:\/\/www.oldtimerclub-zillertal.at\/wordpress\/wp-content\/uploads\/2026\/03\/Zellerstuben.png 338w, https:\/\/www.oldtimerclub-zillertal.at\/wordpress\/wp-content\/uploads\/2026\/03\/Zellerstuben-300x295.png 300w\" sizes=\"auto, (max-width: 338px) 100vw, 338px\" \/><\/figure>\n\n\n\n<figure class=\"wp-block-image size-large is-resized\"><img loading=\"lazy\" decoding=\"async\" width=\"1024\" height=\"402\" src=\"https:\/\/www.oldtimerclub-zillertal.at\/wordpress\/wp-content\/uploads\/2026\/04\/Hollaus_Aufzuege_LOGO-1024x402.jpg\" alt=\"\" class=\"wp-image-4260\" style=\"aspect-ratio:2.5495589490657307;width:649px;height:auto\" srcset=\"https:\/\/www.oldtimerclub-zillertal.at\/wordpress\/wp-content\/uploads\/2026\/04\/Hollaus_Aufzuege_LOGO-1024x402.jpg 1024w, https:\/\/www.oldtimerclub-zillertal.at\/wordpress\/wp-content\/uploads\/2026\/04\/Hollaus_Aufzuege_LOGO-300x118.jpg 300w, https:\/\/www.oldtimerclub-zillertal.at\/wordpress\/wp-content\/uploads\/2026\/04\/Hollaus_Aufzuege_LOGO-768x301.jpg 768w, https:\/\/www.oldtimerclub-zillertal.at\/wordpress\/wp-content\/uploads\/2026\/04\/Hollaus_Aufzuege_LOGO-1536x602.jpg 1536w, https:\/\/www.oldtimerclub-zillertal.at\/wordpress\/wp-content\/uploads\/2026\/04\/Hollaus_Aufzuege_LOGO-2048x803.jpg 2048w\" sizes=\"auto, (max-width: 1024px) 100vw, 1024px\" \/><\/figure>\n\n\n\n<figure class=\"wp-block-image size-full is-resized\"><img loading=\"lazy\" decoding=\"async\" width=\"428\" height=\"261\" src=\"https:\/\/www.oldtimerclub-zillertal.at\/wordpress\/wp-content\/uploads\/2026\/04\/Gartengestalltung-Kroell.png\" alt=\"\" class=\"wp-image-4262\" style=\"width:543px;height:auto\" srcset=\"https:\/\/www.oldtimerclub-zillertal.at\/wordpress\/wp-content\/uploads\/2026\/04\/Gartengestalltung-Kroell.png 428w, https:\/\/www.oldtimerclub-zillertal.at\/wordpress\/wp-content\/uploads\/2026\/04\/Gartengestalltung-Kroell-300x183.png 300w\" sizes=\"auto, (max-width: 428px) 100vw, 428px\" \/><\/figure>\n","protected":false},"excerpt":{"rendered":"<p>Am 25. und 26. April 2026 wird Jenbach, bei der Bushalle der Zillertalbahn, erneut zum Mekka der Oldtimer- und Motorradbegeisterten. Es warten an die 200 Motorr\u00e4der und Gespanne, wie sie [&hellip;]<\/p>\n","protected":false},"author":1,"featured_media":0,"parent":0,"menu_order":0,"comment_status":"closed","ping_status":"closed","template":"","meta":{"footnotes":""},"class_list":["post-912","page","type-page","status-publish","hentry"],"_links":{"self":[{"href":"https:\/\/www.oldtimerclub-zillertal.at\/wordpress\/wp-json\/wp\/v2\/pages\/912","targetHints":{"allow":["GET"]}}],"collection":[{"href":"https:\/\/www.oldtimerclub-zillertal.at\/wordpress\/wp-json\/wp\/v2\/pages"}],"about":[{"href":"https:\/\/www.oldtimerclub-zillertal.at\/wordpress\/wp-json\/wp\/v2\/types\/page"}],"author":[{"embeddable":true,"href":"https:\/\/www.oldtimerclub-zillertal.at\/wordpress\/wp-json\/wp\/v2\/users\/1"}],"replies":[{"embeddable":true,"href":"https:\/\/www.oldtimerclub-zillertal.at\/wordpress\/wp-json\/wp\/v2\/comments?post=912"}],"version-history":[{"count":37,"href":"https:\/\/www.oldtimerclub-zillertal.at\/wordpress\/wp-json\/wp\/v2\/pages\/912\/revisions"}],"predecessor-version":[{"id":4263,"href":"https:\/\/www.oldtimerclub-zillertal.at\/wordpress\/wp-json\/wp\/v2\/pages\/912\/revisions\/4263"}],"wp:attachment":[{"href":"https:\/\/www.oldtimerclub-zillertal.at\/wordpress\/wp-json\/wp\/v2\/media?parent=912"}],"curies":[{"name":"wp","href":"https:\/\/api.w.org\/{rel}","templated":true}]}}