{"id":923,"date":"2018-03-26T12:34:38","date_gmt":"2018-03-26T10:34:38","guid":{"rendered":"http:\/\/www.oldtimerclub-zillertal.at\/wordpress\/?page_id=923"},"modified":"2019-11-16T09:42:58","modified_gmt":"2019-11-16T08:42:58","slug":"februar-2018-sunbeam-m9","status":"publish","type":"page","link":"https:\/\/www.oldtimerclub-zillertal.at\/wordpress\/motorrad-des-monats\/februar-2018-sunbeam-m9\/","title":{"rendered":"Sunbeam M9"},"content":{"rendered":"<p><img loading=\"lazy\" decoding=\"async\" class=\"aligncenter size-large wp-image-925\" src=\"https:\/\/www.oldtimerclub-zillertal.at\/wordpress\/wp-content\/uploads\/2018\/03\/IMG-20180120-WA0001-1024x576.jpg\" alt=\"\" width=\"720\" height=\"405\" srcset=\"https:\/\/www.oldtimerclub-zillertal.at\/wordpress\/wp-content\/uploads\/2018\/03\/IMG-20180120-WA0001-1024x576.jpg 1024w, https:\/\/www.oldtimerclub-zillertal.at\/wordpress\/wp-content\/uploads\/2018\/03\/IMG-20180120-WA0001-300x169.jpg 300w, https:\/\/www.oldtimerclub-zillertal.at\/wordpress\/wp-content\/uploads\/2018\/03\/IMG-20180120-WA0001-768x432.jpg 768w, https:\/\/www.oldtimerclub-zillertal.at\/wordpress\/wp-content\/uploads\/2018\/03\/IMG-20180120-WA0001.jpg 1600w\" sizes=\"auto, (max-width: 720px) 100vw, 720px\" \/> <img loading=\"lazy\" decoding=\"async\" class=\"aligncenter size-large wp-image-926\" src=\"https:\/\/www.oldtimerclub-zillertal.at\/wordpress\/wp-content\/uploads\/2018\/03\/IMG-20180120-WA0000-1024x576.jpg\" alt=\"\" width=\"720\" height=\"405\" srcset=\"https:\/\/www.oldtimerclub-zillertal.at\/wordpress\/wp-content\/uploads\/2018\/03\/IMG-20180120-WA0000-1024x576.jpg 1024w, https:\/\/www.oldtimerclub-zillertal.at\/wordpress\/wp-content\/uploads\/2018\/03\/IMG-20180120-WA0000-300x169.jpg 300w, https:\/\/www.oldtimerclub-zillertal.at\/wordpress\/wp-content\/uploads\/2018\/03\/IMG-20180120-WA0000-768x432.jpg 768w, https:\/\/www.oldtimerclub-zillertal.at\/wordpress\/wp-content\/uploads\/2018\/03\/IMG-20180120-WA0000.jpg 1600w\" sizes=\"auto, (max-width: 720px) 100vw, 720px\" \/><\/p>\n<p>Die Sunbeam M9 wurde \u00fcber den langen Zeitraum von 1924 bis 1938 gebaut, wobei sie st\u00e4ndig weiterentwickelt wurde. Das Grundprinzip des 500 ccm Motors mit seiner mittragenden Einbauart blieb zwar die ganze Produktionszeit gleich, es wurden aber immer wieder technische \u00c4nderungen vorgenommen wie beispielsweise am Schmiersystem, der Kupplung oder der Gabel. Dem Zeitgeist folgend wurde sie ab 1929 mit einem Satteltank ausgeliefert.<\/p>\n<p>Das abgebildete Exemplar entstammt dem Baujahr 1928, also der letzen Ausf\u00fchrung mit Stecktank. Der Motor leistet ca. 22 PS was dieses Motorrad zu einem \u00e4u\u00dferst sportlichen Gef\u00e4hrt machte.<\/p>\n","protected":false},"excerpt":{"rendered":"<p>Die Sunbeam M9 wurde \u00fcber den langen Zeitraum von 1924 bis 1938 gebaut, wobei sie st\u00e4ndig weiterentwickelt wurde. Das Grundprinzip des 500 ccm Motors mit seiner mittragenden Einbauart blieb zwar [&hellip;]<\/p>\n","protected":false},"author":1,"featured_media":0,"parent":133,"menu_order":-9,"comment_status":"closed","ping_status":"closed","template":"","meta":{"footnotes":""},"class_list":["post-923","page","type-page","status-publish","hentry"],"_links":{"self":[{"href":"https:\/\/www.oldtimerclub-zillertal.at\/wordpress\/wp-json\/wp\/v2\/pages\/923","targetHints":{"allow":["GET"]}}],"collection":[{"href":"https:\/\/www.oldtimerclub-zillertal.at\/wordpress\/wp-json\/wp\/v2\/pages"}],"about":[{"href":"https:\/\/www.oldtimerclub-zillertal.at\/wordpress\/wp-json\/wp\/v2\/types\/page"}],"author":[{"embeddable":true,"href":"https:\/\/www.oldtimerclub-zillertal.at\/wordpress\/wp-json\/wp\/v2\/users\/1"}],"replies":[{"embeddable":true,"href":"https:\/\/www.oldtimerclub-zillertal.at\/wordpress\/wp-json\/wp\/v2\/comments?post=923"}],"version-history":[{"count":4,"href":"https:\/\/www.oldtimerclub-zillertal.at\/wordpress\/wp-json\/wp\/v2\/pages\/923\/revisions"}],"predecessor-version":[{"id":1628,"href":"https:\/\/www.oldtimerclub-zillertal.at\/wordpress\/wp-json\/wp\/v2\/pages\/923\/revisions\/1628"}],"up":[{"embeddable":true,"href":"https:\/\/www.oldtimerclub-zillertal.at\/wordpress\/wp-json\/wp\/v2\/pages\/133"}],"wp:attachment":[{"href":"https:\/\/www.oldtimerclub-zillertal.at\/wordpress\/wp-json\/wp\/v2\/media?parent=923"}],"curies":[{"name":"wp","href":"https:\/\/api.w.org\/{rel}","templated":true}]}}