{"id":930,"date":"2018-06-18T20:24:01","date_gmt":"2018-06-18T18:24:01","guid":{"rendered":"http:\/\/www.oldtimerclub-zillertal.at\/wordpress\/?page_id=930"},"modified":"2019-11-16T09:42:45","modified_gmt":"2019-11-16T08:42:45","slug":"maerz-2018-puch-s4","status":"publish","type":"page","link":"https:\/\/www.oldtimerclub-zillertal.at\/wordpress\/motorrad-des-monats\/maerz-2018-puch-s4\/","title":{"rendered":"Puch S4"},"content":{"rendered":"<p><img loading=\"lazy\" decoding=\"async\" class=\"aligncenter size-large wp-image-931\" src=\"https:\/\/www.oldtimerclub-zillertal.at\/wordpress\/wp-content\/uploads\/2018\/03\/IMG_2491-1024x768.jpg\" alt=\"\" width=\"720\" height=\"540\" srcset=\"https:\/\/www.oldtimerclub-zillertal.at\/wordpress\/wp-content\/uploads\/2018\/03\/IMG_2491-1024x768.jpg 1024w, https:\/\/www.oldtimerclub-zillertal.at\/wordpress\/wp-content\/uploads\/2018\/03\/IMG_2491-300x225.jpg 300w, https:\/\/www.oldtimerclub-zillertal.at\/wordpress\/wp-content\/uploads\/2018\/03\/IMG_2491-768x576.jpg 768w\" sizes=\"auto, (max-width: 720px) 100vw, 720px\" \/> <img loading=\"lazy\" decoding=\"async\" class=\"aligncenter size-large wp-image-932\" src=\"https:\/\/www.oldtimerclub-zillertal.at\/wordpress\/wp-content\/uploads\/2018\/03\/IMG_3465-1024x768.jpg\" alt=\"\" width=\"720\" height=\"540\" srcset=\"https:\/\/www.oldtimerclub-zillertal.at\/wordpress\/wp-content\/uploads\/2018\/03\/IMG_3465-1024x768.jpg 1024w, https:\/\/www.oldtimerclub-zillertal.at\/wordpress\/wp-content\/uploads\/2018\/03\/IMG_3465-300x225.jpg 300w, https:\/\/www.oldtimerclub-zillertal.at\/wordpress\/wp-content\/uploads\/2018\/03\/IMG_3465-768x576.jpg 768w\" sizes=\"auto, (max-width: 720px) 100vw, 720px\" \/> <img loading=\"lazy\" decoding=\"async\" class=\"aligncenter size-large wp-image-933\" src=\"https:\/\/www.oldtimerclub-zillertal.at\/wordpress\/wp-content\/uploads\/2018\/03\/Tag-12-004-1024x768.jpg\" alt=\"\" width=\"720\" height=\"540\" srcset=\"https:\/\/www.oldtimerclub-zillertal.at\/wordpress\/wp-content\/uploads\/2018\/03\/Tag-12-004-1024x768.jpg 1024w, https:\/\/www.oldtimerclub-zillertal.at\/wordpress\/wp-content\/uploads\/2018\/03\/Tag-12-004-300x225.jpg 300w, https:\/\/www.oldtimerclub-zillertal.at\/wordpress\/wp-content\/uploads\/2018\/03\/Tag-12-004-768x576.jpg 768w\" sizes=\"auto, (max-width: 720px) 100vw, 720px\" \/> <img loading=\"lazy\" decoding=\"async\" class=\"aligncenter size-large wp-image-934\" src=\"https:\/\/www.oldtimerclub-zillertal.at\/wordpress\/wp-content\/uploads\/2018\/03\/Tag-12-005-1024x768.jpg\" alt=\"\" width=\"720\" height=\"540\" srcset=\"https:\/\/www.oldtimerclub-zillertal.at\/wordpress\/wp-content\/uploads\/2018\/03\/Tag-12-005-1024x768.jpg 1024w, https:\/\/www.oldtimerclub-zillertal.at\/wordpress\/wp-content\/uploads\/2018\/03\/Tag-12-005-300x225.jpg 300w, https:\/\/www.oldtimerclub-zillertal.at\/wordpress\/wp-content\/uploads\/2018\/03\/Tag-12-005-768x576.jpg 768w\" sizes=\"auto, (max-width: 720px) 100vw, 720px\" \/><\/p>\n<p>Die neue 250er Puch in den 30iger Jahren erhielt die Typenbezeichnung S4, was f\u00fcr Sport-Viergang stand, um sie vom eher biederen Modell T3 (Touren-Dreigang) abzugrenzen. Sie stellte f\u00fcr die damalige Zeit ein \u00fcberaus modernes Motorrad dar, was sich vor allem in der lastabh\u00e4ngigen Getrenntschmierung des Motors und der ungew\u00f6hnlichen Kupplung abzeichnete. Diese befand sich wie bei allen Puchs dieser Jahre im Hinterrad und bot damit ein ungew\u00f6hnliches Schauspiel, da sich die Kette in Bewegung setzte sobald ein Gang eingelegt wurde. Das Modell war nicht nur bei der Zivilbev\u00f6lkerung sehr beliebt, es wurde auch h\u00e4ufig und erfolgreich f\u00fcr Rennzwecke eingesetzt.<\/p>\n<p>&nbsp;<\/p>\n<p>Das abgebildete Motorrad entstammt dem Modelljahr 1937 und wurde vom jetzigen Besitzer 2009 in dem Zustand, der auf den unteren Bildern ersichtlich ist, erworben. Zwischenzeitlich wurde ein neuer Tank in Handarbeit angefertigt und das ein oder andere Schr\u00e4ubchen nachgezogen \ud83d\ude09 Die S4 l\u00e4uft nun wieder zuverl\u00e4ssig und kann ihre blaue Rauchfahne zu neuen Ufern tragen.<\/p>\n<p>Notiz am Rande: Die Handlinierung wurde von einer reizenden Dame im Tausch gegen Papagei Hugo ausgef\u00fchrt:<\/p>\n<p><img loading=\"lazy\" decoding=\"async\" class=\"aligncenter size-large wp-image-1024\" src=\"https:\/\/www.oldtimerclub-zillertal.at\/wordpress\/wp-content\/uploads\/2018\/06\/Hugo-003-768x1024.jpg\" alt=\"\" width=\"720\" height=\"960\" srcset=\"https:\/\/www.oldtimerclub-zillertal.at\/wordpress\/wp-content\/uploads\/2018\/06\/Hugo-003-768x1024.jpg 768w, https:\/\/www.oldtimerclub-zillertal.at\/wordpress\/wp-content\/uploads\/2018\/06\/Hugo-003-225x300.jpg 225w, https:\/\/www.oldtimerclub-zillertal.at\/wordpress\/wp-content\/uploads\/2018\/06\/Hugo-003.jpg 1920w\" sizes=\"auto, (max-width: 720px) 100vw, 720px\" \/><\/p>\n","protected":false},"excerpt":{"rendered":"<p>Die neue 250er Puch in den 30iger Jahren erhielt die Typenbezeichnung S4, was f\u00fcr Sport-Viergang stand, um sie vom eher biederen Modell T3 (Touren-Dreigang) abzugrenzen. Sie stellte f\u00fcr die damalige [&hellip;]<\/p>\n","protected":false},"author":1,"featured_media":0,"parent":133,"menu_order":-10,"comment_status":"closed","ping_status":"closed","template":"","meta":{"footnotes":""},"class_list":["post-930","page","type-page","status-publish","hentry"],"_links":{"self":[{"href":"https:\/\/www.oldtimerclub-zillertal.at\/wordpress\/wp-json\/wp\/v2\/pages\/930","targetHints":{"allow":["GET"]}}],"collection":[{"href":"https:\/\/www.oldtimerclub-zillertal.at\/wordpress\/wp-json\/wp\/v2\/pages"}],"about":[{"href":"https:\/\/www.oldtimerclub-zillertal.at\/wordpress\/wp-json\/wp\/v2\/types\/page"}],"author":[{"embeddable":true,"href":"https:\/\/www.oldtimerclub-zillertal.at\/wordpress\/wp-json\/wp\/v2\/users\/1"}],"replies":[{"embeddable":true,"href":"https:\/\/www.oldtimerclub-zillertal.at\/wordpress\/wp-json\/wp\/v2\/comments?post=930"}],"version-history":[{"count":4,"href":"https:\/\/www.oldtimerclub-zillertal.at\/wordpress\/wp-json\/wp\/v2\/pages\/930\/revisions"}],"predecessor-version":[{"id":1627,"href":"https:\/\/www.oldtimerclub-zillertal.at\/wordpress\/wp-json\/wp\/v2\/pages\/930\/revisions\/1627"}],"up":[{"embeddable":true,"href":"https:\/\/www.oldtimerclub-zillertal.at\/wordpress\/wp-json\/wp\/v2\/pages\/133"}],"wp:attachment":[{"href":"https:\/\/www.oldtimerclub-zillertal.at\/wordpress\/wp-json\/wp\/v2\/media?parent=930"}],"curies":[{"name":"wp","href":"https:\/\/api.w.org\/{rel}","templated":true}]}}